) to base 8
-26124707
Convert -17160376 (base 10) to base 5.
-13343113001
Convert -1452720 (base 8) to base 5.
-101241214
What is -9103 (base 11) in base 15?
-38bd
What is 10532440 (base 6) in base 13?
b4207
Convert 3354314 (base 7) to base 13.
1179b6
What is -506401 (base 15) in base 13?
-a38ab4
3547882 (base 9) to base 8
7251145
What is -250330 (base 8) in base 14?
-235d6
Convert -1101000110010010100 (base 2) to base 16.
-68c94
Convert -111100000212 (base 3) to base 11.
-16a213
1221111212021 (base 3) to base 5
231033441
-8954131 (base 10) to base 12
-2bb9957
-500533 (base 8) to base 14
-43b99
Convert -131643 (base 9) to base 15.
-18a76
What is -440201 (base 7) in base 12?
-3862b
-12c597 (base 14) to base 9
-1187754
What is -22211010112 (base 3) in base 9?
-284115
-c55b3 (base 15) to base 3
-1011210020220
What is -11001010111100100011100 (base 2) in base 14?
-c51740
Convert 11a5b95 (base 15) to base 14.
197d620
Convert -1431c (base 16) to base 14.
-22204
What is 1272960 (base 10) in base 15?
1a2290
What is -333221442 (base 5) in base 3?
-2202012221101
-112100201111 (base 3) to base 6
-10020321
What is 1124235440 (base 6) in base 12?
423bb80
-102103211030 (base 4) to base 14
-8ccb92
1104033 (base 5) to base 14
7044
What is -377656 (base 13) in base 9?
-2446707
Convert 111000100000011110100 (base 2) to base 6.
103404220
What is 9c17c (base 13) in base 7?
2261033
-13103233 (base 5) to base 13
-4669b
What is 931189 (base 10) in base 9?
1668314
Convert 4865410 (base 10) to base 9.
10135071
58c040 (base 13) to base 2
1000000011011110001001
Convert -a914d (base 14) to base 13.
-1142ab
75385 (base 13) to base 12
a24b4
-341751 (base 10) to base 4
-1103123313
What is 35422540 (base 6) in base 13?
2ca0a2
-460879 (base 14) to base 12
-96b3a3
Convert -2121021021 (base 3) to base 10.
-51226
What is 17fda (base 16) in base 7?
556330
-411643 (base 16) to base 14
-7d06d5
664970 (base 10) to base 2
10100010010110001010
What is 40593 (base 13) in base 10?
115209
Convert 22200212020221 (base 3) to base 6.
243025424
Convert 1041021 (base 8) to base 15.
57a3c
What is -116105232 (base 7) in base 3?
-111202112101110
Convert -3750314 (base 9) to base 16.
-1f2397
What is -18153675 (base 9) in base 6?
-523400152
What is -1012111012 (base 4) in base 2?
-1000110010101000110
Convert -197a76 (base 12) to base 10.
-449082
Convert -35b65 (base 13) to base 10.
-98610
-39ed2 (base 15) to base 7
-1402046
Convert 1047753 (base 11) to base 13.
4c5882
3030000 (base 4) to base 10
13056
What is 3102122 (base 6) in base 3?
21112022212
What is -415440 (base 7) in base 10?
-71568
What is -797765 (base 11) in base 9?
-2344211
Convert 3711546 (base 8) to base 16.
f9366
Convert -47459 (base 13) to base 15.
-28968
-2144303333 (base 5) to base 8
-21667766
What is -8ff85 (base 16) in base 7?
-5004150
What is 131625 (base 8) in base 13?
17c05
Convert -1000000101001101110 (base 2) to base 9.
-443227
What is -404021131 (base 5) in base 4?
-12031010300
1ab05 (base 13) to base 9
78776
What is 16f5ae (base 16) in base 12?
606926
What is -1522156 (base 7) in base 6?
-4235314
121302231 (base 4) to base 8
316255
Convert -2389494 (base 10) to base 12.
-972986
Convert -4c0f (base 16) to base 13.
-8b2a
Convert -202202021210 (base 3) to base 11.
-259969
103121100100 (base 4) to base 2
10011011001010000010000
Convert -11000112112222 (base 3) to base 9.
-4015488
Convert 303332222 (base 4) to base 15.
4313b
Convert -4b5d9b (base 16) to base 10.
-4939163
Convert -1be32 (base 15) to base 5.
-10402242
What is -111201 (base 3) in base 16?
-172
1326631 (base 10) to base 7
14163505
What is 96266 (base 13) in base 10?
270653
17482 (base 13) to base 8
127262
Convert 4617047 (base 8) to base 4.
10301320213
Convert 1112312332 (base 4) to base 10.
355774
Convert 3731a (base 15) to base 11.
110422
3122123021 (base 4) to base 3
1200110020202
Convert -7c54c5 (base 13) to base 3.
-12120001120210
What is -12011001121111 (base 3) in base 14?
-5136bd
What is 13973d (base 14) in base 15?
d639a
Convert b53d10 (base 14) to base 9.
12455540
Convert 251586 (base 9) to base 8.
451063
414924 (base 10) to base 6
12520540
What is -a087b (base 16) in base 15?
-cec56
70713201 (base 8) to base 2
111000111001011010000001
Convert 14e90 (base 16) to base 3.
11100111011
44145310 (base 6) to base 12
538236
What is -51554730 (base 8) in base 10?
-10934744
Convert -b4d89 (base 14) to base 10.
-436221
Convert 17bd3 (base 14) to base 9.
101227
-abdd7 (base 15) to base 16
-856c6
534462 (base 9) to base 14
83d84
1202021211020 (base 3) to base 7
10624500
Convert 12613 (base 8) to base 5.
134030
Convert 164337 (base 10) to base 2.
101000000111110001
Convert 2001001001 (base 3) to base 15.
bd4d
Convert 111101110110010 (base 2) to base 9.
47384
What is 313234113 (base 5) in base 6?
43552045
What is -b8731 (base 12) in base 10?
-242965
Convert 4763311 (base 8) to base 9.
2407103
Convert 20827 (base 12) to base 4.
22122133
Convert -6643143 (base 10) to base 16.
-655dc7
-258409 (base 10) to base 8
-770551
Convert -60114 (base 8) to base 9.
-36731
What is 3548c5 (base 13) in base 15?
1a060a
What is 111001011011100001 (base 2) in base 9?
387610
What is 10101111000000111 (base 2) in base 14?
24927
Convert -b9c28 (base 15) to base 11.
-3732a3
-1001011100010010001 (base 2) to base 4
-1023202101
-5596915 (base 10) to base 11
-3183055
Convert -201345666 (base 7) to base 13.
-256c8cc
-17986c0 (base 13) to base 16
-758497
Convert 756 (base 12) to base 15.
4b9
What is 2410724 (base 8) in base 6?
22051112
What is -27543c (base 15) in base 4?
-13031222031
Convert 7d5e86 (base 15) to base 16.
5b75ad
Convert -1550523 (base 6) to base 11.
-63309
Convert 94268 (base 12) to base 6.
4053412
Convert -11001111111110101 (base 2) to base 3.
-12102001220
What is 10c294 (base 13) in base 15?
7ce61
-20533402 (base 6) to base 2
-10010011010100101010
What is -67d17 (base 15) in base 14?
-88546
What is a61716 (base 11) in base 15?
238d01
101110101111001110110 (base 2) to base 14
2bc1b8
Convert -295629 (base 12) to base 14.
-140bcd
-110110111100001101 (base 2) to base 3
-102102200201
Convert -10000101110100100 (base 2) to base 8.
-205644
What is -220282 (base 12) in base 11?
-339395
What is -5278063 (base 12) in base 5?
-12442233020
What is 130204 (base 8) in base 7?
245513
What is -59197 (base 11) in base 13?
-2cb51
1015324 (base 6) to base 8
140004
What is -52226 (base 12) in base 8?
-321676
Convert 145454 (base 9) to base 3.
11112111211
Convert -1430565 (base 9) to base 2.
-11000000010101001000
What is -4502443 (base 9) in base 15?
-32cd20
Convert -504202421 (base 6) to base 9.
-17158124
-55710a (base 11) to base 10
-887908
24683 (base 9) to base 15
4db9
What is -769b7 (base 14) in base 13?
-a0a01
What is 72779 (base 10) in base 9?
120745
What is 160670 (base 10) in base 2?
100111001110011110
What is 332314 (base 6) in base 16?
6c76
What is -1212020232 (base 4) in base 12?
-182126
510013423 (base 6) to base 11
4999558
What is -20442412 (base 6) in base 7?
-5033531
What is 31001231032 (base 4) in base 15?
476c27
-6c17cb (base 16) to base 6
-411500111
53362 (base 7) to base 8
31651
-18c9d (base 15) to base 3
-11002101111
22020003303 (base 4) to base 2
1010001000000011110011
-6304868 (base 9) to base 10
-3369419
7744500 (base 10) to base 5
3440311000
Convert -396c9 (base 14) to base 10.
-141297
Convert -2d53b1 (base 15) to base 2.
-1000010111110010011111
-21233203322 (base 4) to base 7
-30465242
Convert 78429 (base 10) to base 16.
1325d
Convert -2220112100 (base 4) to base 7.
-5601233
Convert -31013230 (base 4) to base 5.
-3204430
What is -33361261 (base 7) in base 12?
-b73987
What is -33430041 (base 5) in base 13?
-a4750
20066101 (base 7) to base 3
10010112000211
What is -d763 (base 15) in base 11?
-31243
What is -3101320001 (base 4) in base 8?
-3217001
Convert -21100102120101 (base 3) to base 14.
-7394c4
What is -1101010022112 (base 3) in base 10?
-730688
-1011100100000010011 (base 2) to base 5
-44111044
Convert 6660 (base 11) to base 15.
2903
What is 32121344 (base 5) in base 12?
110468
What is -a2540 (base 11) in base 10?
-149721
What is -10303002222 (base 4) in base 2?
-100110011000010101010
What is -4714667 (base 10) in base 3?
-22212112022022
What is -652400 (base 7) in 